pose -i + 5*l = -3*i - z, -5*l = 25. Suppose i*x - 1954 = 2*n, 3*n - 5 - 10 = 0. Is x prime?
True
Is (4/3)/((-120)/(-2488230)) a composite number?
False
Let g(a) = -3*a**3 + 37*a**2 - 12*a + 13. Let u be g(12). Suppose 0 = w + 4*v - 19819, -8*w - 2*v = -u*w + 99051. Is w prime?
False
Is 29/(232/24)*(1 + 188332/6) prime?
True
Suppose -129203 + 517295 = 273*t - 1810650. Is t a composite number?
True
Let w = -54224 + 245811. Is w composite?
True
Let z = -659444 - -936927. Is z a composite number?
False
Is (0 - (10 + 33759))*-1 prime?
True
Suppose -14*u = -1903 - 491. Let i = 569 - u. Is i a prime number?
False
Suppose 4*x - 8*x = -8. Suppose z = -z + m - 518, -2*z = x*m + 530. Let t = 568 + z. Is t a composite number?
False
Let q = -10361 + 9538. Let l = -1 + -4. Is q/(-3) + l/15 composite?
True
Let j(r) be the second derivative of 398*r**3/3 + 53*r**2 + 3*r - 17. Is j(16) a prime number?
False
Let k(q) = -83*q**2 + 3*q - 15. Let d(f) = -247*f**2 + 8*f - 45. Let s(p) = -3*d(p) + 8*k(p). Is s(4) a composite number?
True
Let q = -163 + 167. Suppose 27094 = 2*i - q*t, -4*i + 3*t = -33041 - 21152. Is i composite?
True
Let k(r) be the third derivative of 13*r**6/72 + r**5/24 + r**4/24 + 7*r**3/6 + 19*r**2. Let v(y) be the first derivative of k(y). Is v(-2) prime?
True
Let f(s) be the third derivative of s**6/120 + s**5/60 + 3*s**4/8 - 25*s**3/6 + s**2. Let t = -166 - -176. Is f(t) a composite number?
True
Let p(h) = 5*h + 38. Let l be p(-18). Let f = 56 + l. Suppose -2*w = o - 746, -f*o - 384 = -3*w + 713. Is w a prime number?
False
Suppose -10*b + 53588 + 20692 = 0. Let t(n) = -567*n**2 + 4*n - 4. Let h be t(3). Let l = h + b. Is l a prime number?
True
Let s be (-15*(-12)/150)/((-6)/340). Let d be s/(-102)*27/2. Let v(k) = 183*k + 46. Is v(d) a prime number?
True
Is (-1591903)/(-3) + (-258)/(-43) + (-22)/3 a composite number?
True
Suppose 0 = -8*a + 1614377 + 1480047. Is a a prime number?
False
Let j(s) = s**3 - 38*s**2 - 77*s + 37. Is j(43) a prime number?
False
Suppose 0 = -86*w + 78*w + 40. Is 5/w*((-6)/(-2) - -7864) prime?
True
Let f = 66 + -61. Suppose -f*b = 16 + 19. Let c(d) = 2*d**2 + 3*d - 19. Is c(b) a composite number?
True
Suppose -2*u - 5*i + 71840 = -0*i, 0 = -2*u - 4*i + 71842. Suppose u = 4*x - 8807. Is x composite?
True
Let n(k) = 7027*k**2 + 151*k + 689. Is n(-24) a composite number?
False
Suppose -4*n = -2*w - 1321792, 69*w - 991341 = -3*n + 72*w. Is n a composite number?
True
Suppose 5*c = -4*w + 38 + 14, 47 = 4*c + 5*w. Let b(r) = 67*r**2 + 9*r + 21. Is b(c) composite?
True
Let g(r) = 473*r + 36. Let x be g(-5). Let h = 2046 - x. Let n = h + -2738. Is n a prime number?
True
Let t = -10306 - -28635. Is t prime?
True
Let m(o) = 695119*o**3 - 3*o**2 + 81*o - 78. Is m(1) a prime number?
False
Let x(m) be the first derivative of 59*m**5/120 + 7*m**4/24 - 10*m**3/3 - 16. Let w(v) be the third derivative of x(v). Is w(6) a prime number?
False
Let f(y) = 561*y**2 + 4*y + 311. Is f(-10) prime?
False
Let t(n) = -2*n**3 + 15*n - 7. Let o be t(3). Suppose 2*p = -2*d + 42070, p = d + 5*p - 21020. Is ((-1)/5)/(o/d) composite?
False
Suppose -p + 854416 = 12*p + 3*p. Is p composite?
False
Let x(m) = 320822*m + 15. Is x(1) composite?
True
Let j(y) = 555*y**3 - 64*y**2 + 383*y - 5. Is j(6) prime?
True
Suppose -4*c = 3*q - 7*q + 16, -14 = 5*c + q. Is c - (-11 - -3) - -3816 composite?
False
Let k = 153 - 154. Is (2 - 2)*k + 661486/74 a prime number?
False
Suppose 275210 = -33*g + 43*g. Suppose 130*i = 117*i + g. Is i a composite number?
True
Suppose 3*w - 201618 = -4*l - 71218, 4*w - 65190 = -2*l. Is l a composite number?
False
Let r = 9936 - 8267. Is r a prime number?
True
Suppose -6*o - 4021 = 3083. Let l(v) = 45*v**2 - 4*v - 8. Let h be l(-7). Let x = o + h. Is x prime?
False
Let i(x) = x**2 - 10*x + 8. Let f be i(9). Let w(q) = -1557*q**3 - q**2 + q + 1. Let r be w(f). Suppose -3*k = -4*p + 2*k + r, -k = -4. Is p prime?
False
Let z(s) = -2*s - 18. Let q be z(-10). Suppose -q*i + 820 = m, -5*i - 4025 = -5*m - 0*i. Suppose 0 = 5*k - 2275 + m. Is k composite?
False
Let k = -440 - -431. Let d(h) = -3930*h + 149. Is d(k) composite?
True
Suppose 0 = 15*n - 19*n + 4016. Suppose 0 = 10*a - 6*a - n. Is a a composite number?
False
Let u(b) be the first derivative of -24 + 2*b + 7/2*b**2 + 64/3*b**3. Is u(5) composite?
False
Let t(r) = -76*r**3 + 3*r**2 - 8*r - 7. Let d be t(-5). Suppose -6*u = 2*u - d. Is u composite?
False
Let j(o) = -12*o - 104*o**2 + 2*o - 19 + 60*o + o**3 + 80*o**2. Let x be j(20). Let h = 936 + x. Is h a prime number?
True
Suppose -f = -p + 109719, -5*f = -4*p - 6*f + 438866. Is p composite?
False
Let d(x) = 44 + x**3 + 15*x - 2*x**2 - 2*x**3 - 9*x**2 - x**2. Let h be d(-13). Suppose 23581 + 4517 = h*z. Is z prime?
False
Let d(c) = 1808*c**2 + 7*c - 1. Let q = 534 + -533. Is d(q) prime?
False
Is (-7 + 74323 - 1) + 5/15*9 prime?
False
Let l = 4044 + -244. Let m be l/30 - (4/3)/(-1). Is 3*(-3 + m/3) prime?
False
Suppose -9*x = -3*x - 12. Suppose -4*g = 3*z - 1, -3*z + 17 = -2*z - x*g. Suppose 502 = -5*s + z*s. Is s prime?
True
Suppose -22 + 2 = -4*b. Suppose 2*k = -2*k - b*t + 1294, -4*t + 8 = 0. Suppose 0 = 5*p + 3*s - 30 - k, -286 = -4*p - 5*s. Is p a prime number?
False
Let n be (-5)/25 - 184/(-20). Suppose -n*o = -11 - 34. Suppose 5*y + 3*v = 866 + 3474, -o*v = 25. Is y composite?
True
Suppose 2*z - 64 = 5*f - 5, 3*z - 41 = -2*f. Suppose 0 = -15*y + z*y - 14438. Is y prime?
True
Let t = 78508 + -43927. Is t prime?
False
Let b(n) = -2*n + 1. Let i be b(-1). Let z(m) be the first derivative of 23*m**4/4 + 2*m**3 - 2*m**2 + 4*m + 2717. Is z(i) a prime number?
False
Let f = 311 + -325. Is (-51 - -320)/((-2)/f) a composite number?
True
Let x(c) = 3*c + 1. Let t(i) = -46*i - 48. Let k(r) = -t(r) - 2*x(r). Is k(12) composite?
True
Suppose 24*a - 3275664 = -628*a + 25149580. Is a a prime number?
True
Suppose 8*z - 24 = 2*z. Suppose -4*a + z = -5*a. Let x = a - -62. Is x a prime number?
False
Let d(h) = 2*h**3 - h - 6. Let l(t) = -2*t**2 + 6*t - 16. Let j be l(4). Let p = j + 29. Is d(p) a composite number?
False
Suppose -1105223 = -c + 5*t + 1400388, 4*c = 2*t + 10022444. Is c a prime number?
True
Let z = -9677 + 18412. Is z a composite number?
True
Let o(b) = 9*b**2 - 21*b - 16. Let a be -8 + (-1*6 - -3). Let j be o(a). Suppose 21*q = 17*q + j. Is q a prime number?
False
Let m(g) = g + 11. Let n be m(-7). Suppose -n*u + 5*u = 5. Suppose -4*c + 5*a - 274 = -u*c, 1048 = 4*c + 4*a. Is c composite?
True
Suppose -2*u = -7*u + 2*b + 6, 3*u = -b + 8. Let i(g) = g**3 - g + 2. Let f be i(u). Is (-5609)/(-4) - 3 - 2/f a composite number?
False
Let p(u) = 11212*u**2 - 119*u + 477. Is p(4) a composite number?
False
Let n(t) = -876*t + 1243. Is n(-26) a composite number?
False
Let l(g) = 5*g**3 + g**2 + 2*g - 3. Let r be l(2). Suppose 15 = -2*p + 403. Let a = p - r. Is a composite?
False
Let v(f) be the third derivative of 31*f**5/30 + f**4/4 - f**3/6 + 124*f**2 + f. Let z(q) = -q**3 - 3*q**2 + 5*q - 2. Let t be z(-4). Is v(t) composite?
True
Let y be 3 - 7/(8 + -1). Is (y/4)/((-47)/(-433058)) prime?
False
Let x(z) = 13*z**3 + 9*z**2 + 15*z + 57. Let k(v) = 6*v**3 + 4*v**2 + 8*v + 28. Let h(y) = -7*k(y) + 3*x(y). Is h(-12) composite?
False
Suppose 4*d - c - 4 = 2*d, 0 = -4*d - 4*c + 8. Let t(h) = 17 - 6 + h**2 + 8*h**2 + 3*h**d - 2*h. Is t(-12) a composite number?
True
Suppose 2*y - 8 = 4*r, -5*r + 3*r - 16 = -3*y. Let c(m) = m + 1. Let b be c(9). Suppose 2*a - b = -l, -2*l - y = l. Is a a prime number?
False
Suppose -12 = -y - 2*b - 4, -4 = -3*y - b. Suppose y = -5*i - 8*i + 12909. Is i prime?
False
Suppose 0 = -n - 0*n + 3*x + 564, 0 = -3*n - 2*x + 1692. Let s = -346 + n. Let f = 801 - s. Is f composite?
True
Suppose -7*y + 3144 = 14246. Let o = y - -735. Let z = -490 - o. Is z a prime number?
False
Suppose -14*x = -440005 - 2337273. Is x a composite number?
False
Let t = 71 - 69. Suppose -4*a - a - 2*b = -18, 5*a - t = 2*b. Is 2 + -5 + 6152/a a composite number?
True
Let c(d) = 592*d**2 - 2*d - 3. Let f(b) be the first derivative of -395*b**3 + 5*b**2/2 + 7*b + 5. Let j(z) = 9*c(z) + 4*f(z). Is j(-1) prime?
True
Let v(p) = -3059*p + 3144. Is v(-17) prime?
True
Let u(b) = 12*b - 1 + 9*b - b**2 - 2*b**3 - 18*b. Let d be u(-2). Suppose d*w + 3*v 